{"id":1178,"date":"2024-01-05T01:00:38","date_gmt":"2024-01-05T00:00:38","guid":{"rendered":"https:\/\/arkanta.co\/co\/?post_type=product&#038;p=1178"},"modified":"2024-01-05T01:01:30","modified_gmt":"2024-01-05T00:01:30","slug":"vinilo-decorativo-de-calendario-maya","status":"publish","type":"product","link":"https:\/\/arkanta.co\/co\/tienda-online\/vinilo-decorativo-de-calendario-maya\/","title":{"rendered":"Vinilo Decorativo de Calendario Maya"},"content":{"rendered":"<p><strong>Incluye:<\/strong> 1 set THE HAAB (Ref: V0186) + Gu\u00eda de instalaci\u00f3n. <\/p>\n<p><strong>Color de la referencia: <\/strong>Negro.<\/p>\n<p>&nbsp;<\/p>\n<p>Vinilo adhesivo de acabado mate, disponible en 29 colores. Puedes <em>personalizar<\/em> <em>el tama\u00f1o como prefieras.<\/em>.<\/p>\n<p> De <a href=\"https:\/\/b.link\/CIUV\" target=\"_blank\" rel=\"noopener\">f&aacute;cil instalaci&oacute;n<\/a>, es posible colocarlo en cualquier tipo de superficie lisa, excepto sobre pinturas aceitosas. Mantiene sus caracter\u00edsticas, incluso en paredes soleadas. Puedes desinstalarlo de forma f\u00e1cil.<\/p>\n<p>Env\u00edo (terrestre) gratis a nivel nacional para todos los productos de la tienda. Realiza tus pagos de forma segura a trav\u00e9s de Mercado pago.<\/p>\n<p> Nuestros vinilos son fabricados en Colombia y est\u00e1n garantizados por defectos de fabricaci\u00f3n o piezas faltantes durante 1 a\u00f1o. Ofrecemos 15 d\u00edas de retractaci\u00f3n, por lo que puedes devolver el producto si no te ha convencido (aplican condiciones).<\/p>\n","protected":false},"excerpt":{"rendered":"<p>Vinilo adhesivo con el Calendario Maya. Es una pieza diferente que puedes colocar en la sala de tu casa, en el comedor, la cocina o quiz\u00e1 en el estudio. Es perfecta para esas personas de mente abierta que se encuentran en una constante b\u00fasqueda por expandir su espiritualidad. <\/p>\n<p>El Calendario Maya es conocido por ser el m\u00e1s exacto y desarrollado de las civilizaciones americanas. En \u00e9l se llevan dos l\u00edneas de tiempo denominadas Haab (365 d\u00edas) y Tzolkin (260 d\u00edas). Colocar este vinilo en tus espacios es tambi\u00e9n una forma de rendir tributo a nuestras ra\u00edces y a la importancia de nuestra historia precolombina.<\/p>\n","protected":false},"featured_media":1186,"comment_status":"open","ping_status":"closed","template":"","meta":{"_acf_changed":false,"_et_pb_use_builder":"","_et_pb_old_content":"","_et_gb_content_width":"","content-type":""},"product_brand":[],"product_cat":[17,18,55,33],"product_tag":[20,21,22,24],"class_list":{"0":"post-1178","1":"product","2":"type-product","3":"status-publish","4":"has-post-thumbnail","6":"product_cat-decoracion-de-paredes","7":"product_cat-vinilos-decorativos-de-pared","8":"product_cat-vinilos-decorativos-etnicos","9":"product_cat-vinilos-trendy","10":"product_tag-decoracion-de-comedores","11":"product_tag-decoracion-de-cuartos","12":"product_tag-decoracion-de-estudios-y-oficinas","13":"product_tag-decoracion-de-salas","15":"first","16":"instock","17":"taxable","18":"shipping-taxable","19":"purchasable","20":"product-type-variable"},"acf":[],"_links":{"self":[{"href":"https:\/\/arkanta.co\/co\/wp-json\/wp\/v2\/product\/1178","targetHints":{"allow":["GET"]}}],"collection":[{"href":"https:\/\/arkanta.co\/co\/wp-json\/wp\/v2\/product"}],"about":[{"href":"https:\/\/arkanta.co\/co\/wp-json\/wp\/v2\/types\/product"}],"replies":[{"embeddable":true,"href":"https:\/\/arkanta.co\/co\/wp-json\/wp\/v2\/comments?post=1178"}],"wp:featuredmedia":[{"embeddable":true,"href":"https:\/\/arkanta.co\/co\/wp-json\/wp\/v2\/media\/1186"}],"wp:attachment":[{"href":"https:\/\/arkanta.co\/co\/wp-json\/wp\/v2\/media?parent=1178"}],"wp:term":[{"taxonomy":"product_brand","embeddable":true,"href":"https:\/\/arkanta.co\/co\/wp-json\/wp\/v2\/product_brand?post=1178"},{"taxonomy":"product_cat","embeddable":true,"href":"https:\/\/arkanta.co\/co\/wp-json\/wp\/v2\/product_cat?post=1178"},{"taxonomy":"product_tag","embeddable":true,"href":"https:\/\/arkanta.co\/co\/wp-json\/wp\/v2\/product_tag?post=1178"}],"curies":[{"name":"wp","href":"https:\/\/api.w.org\/{rel}","templated":true}]}}

<p><strong>Incluye:</strong> 1 set THE HAAB (Ref: V0186) + Guía de instalación. </p>
<p><strong>Color de la referencia: </strong>Negro.</p>
<p>&nbsp;</p>
<p>Vinilo adhesivo de acabado mate, disponible en 29 colores. Puedes <em>personalizar</em> <em>el tamaño como prefieras.</em>.</p>
<p> De <a href="https://b.link/CIUV" target="_blank" rel="noopener">f&aacute;cil instalaci&oacute;n</a>, es posible colocarlo en cualquier tipo de superficie lisa, excepto sobre pinturas aceitosas. Mantiene sus características, incluso en paredes soleadas. Puedes desinstalarlo de forma fácil.</p>
<p>Envío (terrestre) gratis a nivel nacional para todos los productos de la tienda. Realiza tus pagos de forma segura a través de Mercado pago.</p>
<p> Nuestros vinilos son fabricados en Colombia y están garantizados por defectos de fabricación o piezas faltantes durante 1 año. Ofrecemos 15 días de retractación, por lo que puedes devolver el producto si no te ha convencido (aplican condiciones).</p>

<p>Vinilo adhesivo con el Calendario Maya. Es una pieza diferente que puedes colocar en la sala de tu casa, en el comedor, la cocina o quizá en el estudio. Es perfecta para esas personas de mente abierta que se encuentran en una constante búsqueda por expandir su espiritualidad. </p>
<p>El Calendario Maya es conocido por ser el más exacto y desarrollado de las civilizaciones americanas. En él se llevan dos líneas de tiempo denominadas Haab (365 días) y Tzolkin (260 días). Colocar este vinilo en tus espacios es también una forma de rendir tributo a nuestras raíces y a la importancia de nuestra historia precolombina.</p>
