{"id":1142,"date":"2024-01-05T01:00:14","date_gmt":"2024-01-05T00:00:14","guid":{"rendered":"https:\/\/arkanta.co\/co\/?post_type=product&#038;p=1142"},"modified":"2024-01-05T01:00:35","modified_gmt":"2024-01-05T00:00:35","slug":"vinilo-decorativo-de-texto-cree-en-ti-mismo","status":"publish","type":"product","link":"https:\/\/arkanta.co\/co\/tienda-online\/vinilo-decorativo-de-texto-cree-en-ti-mismo\/","title":{"rendered":"Vinilo Decorativo de Texto \u201cCree en ti mismo\u201d"},"content":{"rendered":"<p><strong>Incluye:<\/strong> 1 set CREE EN TI MISMO (Ref: V0177) + Gu\u00eda de instalaci\u00f3n. <\/p>\n<p><strong>Medidas: <\/strong>120 x 50 cm (ancho x alto) <\/p>\n<p><strong>Colores de la referencia: <\/strong>Dorado, negro.<\/p>\n<p>&nbsp;<\/p>\n<p>Vinilo adhesivo de acabado mate, disponible en 29 colores. Puedes <em>personalizar<\/em> <em>los textos y el tama\u00f1o como prefieras<\/em>. <\/p>\n<p> De <a href=\"https:\/\/b.link\/CIUV\" target=\"_blank\" rel=\"noopener\">f&aacute;cil instalaci&oacute;n<\/a>, es posible colocarlo en cualquier tipo de superficie lisa, excepto sobre pinturas aceitosas. Mantiene sus caracter\u00edsticas, incluso en paredes soleadas. Puedes desinstalarlo de forma f\u00e1cil.<\/p>\n<p>Env\u00edo (terrestre) gratis a nivel nacional para todos los productos de la tienda. Realiza tus pagos de forma segura a trav\u00e9s de Mercado pago.<\/p>\n<p> Nuestros vinilos son fabricados en Colombia y est\u00e1n garantizados por defectos de fabricaci\u00f3n o piezas faltantes durante 1 a\u00f1o. Ofrecemos 15 d\u00edas de retractaci\u00f3n, por lo que puedes devolver el producto si no te ha convencido (aplican condiciones).<\/p>\n","protected":false},"excerpt":{"rendered":"<p>Vinilo adhesivo con texto personalizable que combina 3 fuentes distintas con el fin de lograr un efecto especial. Aunque este vinilo dice \u201cCree en ti mismo, sue\u00f1a que el futuro pertenece a aquellos que creen en la belleza de sus sue\u00f1os. No olvides so\u00f1ar\u201d, un hermoso mensaje motivacional, puedes solicitar este dise\u00f1o con el mensaje que prefieras.<\/p>\n<p>Es un vinilo decorativo que va perfecto sobre el cabecero de tu casa, sobre el mueble o sof\u00e1 principal de la sala, en la cocina o en el comedor. Es una alternativa perfecta para reflejar lo que te motiva a trabajar y colocarlo en tu estudio o espacio de trabajo.<\/p>\n","protected":false},"featured_media":1174,"comment_status":"open","ping_status":"closed","template":"","meta":{"_acf_changed":false,"_et_pb_use_builder":"","_et_pb_old_content":"","_et_gb_content_width":"","content-type":""},"product_brand":[],"product_cat":[17,19,18],"product_tag":[20,24],"class_list":{"0":"post-1142","1":"product","2":"type-product","3":"status-publish","4":"has-post-thumbnail","6":"product_cat-decoracion-de-paredes","7":"product_cat-textos-y-frases","8":"product_cat-vinilos-decorativos-de-pared","9":"product_tag-decoracion-de-comedores","10":"product_tag-decoracion-de-salas","12":"first","13":"instock","14":"taxable","15":"shipping-taxable","16":"purchasable","17":"product-type-simple"},"acf":[],"_links":{"self":[{"href":"https:\/\/arkanta.co\/co\/wp-json\/wp\/v2\/product\/1142","targetHints":{"allow":["GET"]}}],"collection":[{"href":"https:\/\/arkanta.co\/co\/wp-json\/wp\/v2\/product"}],"about":[{"href":"https:\/\/arkanta.co\/co\/wp-json\/wp\/v2\/types\/product"}],"replies":[{"embeddable":true,"href":"https:\/\/arkanta.co\/co\/wp-json\/wp\/v2\/comments?post=1142"}],"wp:featuredmedia":[{"embeddable":true,"href":"https:\/\/arkanta.co\/co\/wp-json\/wp\/v2\/media\/1174"}],"wp:attachment":[{"href":"https:\/\/arkanta.co\/co\/wp-json\/wp\/v2\/media?parent=1142"}],"wp:term":[{"taxonomy":"product_brand","embeddable":true,"href":"https:\/\/arkanta.co\/co\/wp-json\/wp\/v2\/product_brand?post=1142"},{"taxonomy":"product_cat","embeddable":true,"href":"https:\/\/arkanta.co\/co\/wp-json\/wp\/v2\/product_cat?post=1142"},{"taxonomy":"product_tag","embeddable":true,"href":"https:\/\/arkanta.co\/co\/wp-json\/wp\/v2\/product_tag?post=1142"}],"curies":[{"name":"wp","href":"https:\/\/api.w.org\/{rel}","templated":true}]}}

<p><strong>Incluye:</strong> 1 set CREE EN TI MISMO (Ref: V0177) + Guía de instalación. </p>
<p><strong>Medidas: </strong>120 x 50 cm (ancho x alto) </p>
<p><strong>Colores de la referencia: </strong>Dorado, negro.</p>
<p>&nbsp;</p>
<p>Vinilo adhesivo de acabado mate, disponible en 29 colores. Puedes <em>personalizar</em> <em>los textos y el tamaño como prefieras</em>. </p>
<p> De <a href="https://b.link/CIUV" target="_blank" rel="noopener">f&aacute;cil instalaci&oacute;n</a>, es posible colocarlo en cualquier tipo de superficie lisa, excepto sobre pinturas aceitosas. Mantiene sus características, incluso en paredes soleadas. Puedes desinstalarlo de forma fácil.</p>
<p>Envío (terrestre) gratis a nivel nacional para todos los productos de la tienda. Realiza tus pagos de forma segura a través de Mercado pago.</p>
<p> Nuestros vinilos son fabricados en Colombia y están garantizados por defectos de fabricación o piezas faltantes durante 1 año. Ofrecemos 15 días de retractación, por lo que puedes devolver el producto si no te ha convencido (aplican condiciones).</p>

<p>Vinilo adhesivo con texto personalizable que combina 3 fuentes distintas con el fin de lograr un efecto especial. Aunque este vinilo dice “Cree en ti mismo, sueña que el futuro pertenece a aquellos que creen en la belleza de sus sueños. No olvides soñar”, un hermoso mensaje motivacional, puedes solicitar este diseño con el mensaje que prefieras.</p>
<p>Es un vinilo decorativo que va perfecto sobre el cabecero de tu casa, sobre el mueble o sofá principal de la sala, en la cocina o en el comedor. Es una alternativa perfecta para reflejar lo que te motiva a trabajar y colocarlo en tu estudio o espacio de trabajo.</p>
